{"id":51,"date":"2007-05-15T17:29:45","date_gmt":"2007-05-15T16:29:45","guid":{"rendered":"http:\/\/www.neschle.de\/wordpress\/?page_id=51"},"modified":"2020-07-04T13:44:50","modified_gmt":"2020-07-04T12:44:50","slug":"konzept","status":"publish","type":"page","link":"https:\/\/neschle.de\/index.php\/konzept\/","title":{"rendered":"Konzept"},"content":{"rendered":"<div class=\"entry\">\n<div class=\"entry_header\" align=\"center\">\n<h2><span style=\"color: #4f81bd;\">Leon Neschle<\/span><\/h2>\n<p><a href=\"https:\/\/neschle.de\/wp-content\/2020\/06\/leon-neschle.jpg\"><img decoding=\"async\" loading=\"lazy\" class=\"alignnone size-medium wp-image-660\" src=\"https:\/\/neschle.de\/wp-content\/2020\/06\/leon-neschle-225x300.jpg\" alt=\"\" width=\"225\" height=\"300\" srcset=\"https:\/\/neschle.de\/wp-content\/2020\/06\/leon-neschle-225x300.jpg 225w, https:\/\/neschle.de\/wp-content\/2020\/06\/leon-neschle.jpg 768w\" sizes=\"(max-width: 225px) 100vw, 225px\" \/><\/a><\/p>\n<p><strong>Leon Neschle ist das Alter Ego von<\/strong><br \/>\n<strong>Univ.-Prof. Dr. Rainer Leonhard Elschen<\/strong><\/p>\n<p>Neschle bringt f\u00fcr jede Woche des Jahres einen Artikel zu Fragen von Wirtschaft und Gesellschaft.<\/p>\n<p>Ansonsten hat Neschle nur ein Konzept: kein Konzept zu haben.<\/p>\n<p>Er verachtet Neid und Missgunst. Bei aller Respektlosigkeit hat er zwei Lieblingstugenden: Respekt und Loyalit\u00e4t.<\/p>\n<p>Er denkt frei, quer und gegen den Strom.<\/p>\n<p>Denn nur wer gegen den Strom schwimmt, kann zur Quelle finden.<\/p>\n<p>Ein Fisch, der immer mit dem Strom schwimmt, ist schlie\u00dflich tot.<\/p>\n<p>Er hasst nur Menschen, die Menschen hassen.<\/p>\n<p>Manchmal ist er (wort-)spielerisch oder sarkastisch, l\u00e4sst gezielt und ungezielt die Grenzen zwischen Spa\u00df und Ernst verschwimmen.<\/p>\n<p>Er mag einfach keine Literatur-Fu\u00dfnoten, au\u00dfer ein paar kommentierende. Sein Leser muss ihm die Herkunft seiner Zitate meistens glauben. Die stimmen! Glaubt er ihm nicht, sollte der Leser zumindest zugeben k\u00f6nnen, dass die Zitate wahr sein k\u00f6nnten.<\/p>\n<p>Neschle interessiert sich nur f\u00fcr die Sache und die Meinung, nicht daf\u00fcr, wer diese einmal vertreten hat. Bei den meisten Meinungen k\u00f6nnte das in einer passenden Lage und Zeit ohnehin jeder sein. Daher:<\/p>\n<p><strong>Neschle meint es nie pers\u00f6nlich und doch meint er immer Dich pers\u00f6nlich!<\/strong><\/p>\n<\/div>\n<\/div>\n","protected":false},"excerpt":{"rendered":"<p>Leon Neschle Leon Neschle ist das Alter Ego von Univ.-Prof. Dr. Rainer Leonhard Elschen Neschle bringt f\u00fcr jede Woche des Jahres einen Artikel zu Fragen von Wirtschaft und Gesellschaft. Ansonsten hat Neschle nur ein Konzept: kein Konzept zu haben. Er verachtet Neid und Missgunst. Bei aller Respektlosigkeit hat er zwei Lieblingstugenden: Respekt und Loyalit\u00e4t. Er &hellip; <\/p>\n<p class=\"link-more\"><a href=\"https:\/\/neschle.de\/index.php\/konzept\/\" class=\"more-link\"><span class=\"screen-reader-text\">\u201eKonzept\u201c<\/span> weiterlesen<\/a><\/p>\n","protected":false},"author":1,"featured_media":0,"parent":0,"menu_order":2,"comment_status":"closed","ping_status":"closed","template":"","meta":[],"_links":{"self":[{"href":"https:\/\/neschle.de\/index.php\/wp-json\/wp\/v2\/pages\/51"}],"collection":[{"href":"https:\/\/neschle.de\/index.php\/wp-json\/wp\/v2\/pages"}],"about":[{"href":"https:\/\/neschle.de\/index.php\/wp-json\/wp\/v2\/types\/page"}],"author":[{"embeddable":true,"href":"https:\/\/neschle.de\/index.php\/wp-json\/wp\/v2\/users\/1"}],"replies":[{"embeddable":true,"href":"https:\/\/neschle.de\/index.php\/wp-json\/wp\/v2\/comments?post=51"}],"version-history":[{"count":4,"href":"https:\/\/neschle.de\/index.php\/wp-json\/wp\/v2\/pages\/51\/revisions"}],"predecessor-version":[{"id":1076,"href":"https:\/\/neschle.de\/index.php\/wp-json\/wp\/v2\/pages\/51\/revisions\/1076"}],"wp:attachment":[{"href":"https:\/\/neschle.de\/index.php\/wp-json\/wp\/v2\/media?parent=51"}],"curies":[{"name":"wp","href":"https:\/\/api.w.org\/{rel}","templated":true}]}}